?
False
Let w = 2390 - -134. Is (w/(-12) + -2)*-12 - 3 prime?
False
Suppose -15*r + 10 = -10*r. Suppose -f - 5*y + 2 = -5, 2*y - 22 = r*f. Is ((-114)/(-9)*1)/(f/(-12)) prime?
True
Let p(j) = 7576*j + 295. Is p(6) a prime number?
True
Let h(t) = -241*t - 26. Let f(w) = -241*w - 26. Let j(y) = -3*f(y) + 2*h(y). Let g be j(-11). Let k = g - -5414. Is k a composite number?
False
Let n(o) = -11*o**3 - 21*o**2 - 44*o - 21. Let x(k) = 24*k**3 + 42*k**2 + 87*k + 41. Let q(w) = -13*n(w) - 6*x(w). Is q(-20) a prime number?
True
Let m(l) = 115*l**2 - 3*l - 3. Let p(b) = -6*b**3 - b**2 + 2*b + 2. Let a be p(-1). Let c be m(a). Let h = c + -288. Is h a prime number?
False
Let m be (-2 - -7) + 19 + 7. Suppose -3*t - 293972 = -m*t. Is t composite?
False
Let l(d) = d**2 - 6*d - 8. Suppose 3*r = m + 9 + 6, 2*m - 5*r + 28 = 0. Is l(m) a composite number?
False
Let y(k) = -25385*k - 256. Is y(-3) a composite number?
True
Suppose -u + 5*s + 25 = 0, 0 = -4*u + 5*u - 4*s - 20. Let j = -6 - u. Is (0 + 694 - (j - -2)) + 3 composite?
False
Let t = -170275 + 309312. Is t a prime number?
False
Let v(d) = d**3 - 6*d**2 + 5*d - 15. Let n be v(5). Let g be n/(-7) + 0 + 10/(-70). Suppose -g*r + 7724 = 2*r. Is r a prime number?
True
Let o be (-246)/14 + 93/(-217). Is 33234/o*3*-1 a prime number?
False
Let o = -368 - -373. Suppose 1454 + 1316 = o*r. Is r a composite number?
True
Suppose 4*n - 1006 = -2*y, -y - 249 = -n - 4*y. Let f be (n/(-70))/(6/(-3760)). Let b = -203 + f. Is b composite?
False
Suppose 1116 = -3*d - 789. Let q = d + 1102. Suppose b + 132 = q. Is b prime?
False
Suppose 0 = -y + 14*y - 5944075 - 3817846. Is y prime?
True
Suppose -5*j = d - 349, 3*j + 0*d = -3*d + 195. Is j a prime number?
True
Let g = 824 + -821. Suppose 2*w = -3*w + 15. Suppose w*q + 2*r - 5467 = 0, 3*r = -4*q + g*q + 1820. Is q composite?
False
Let c(g) = 3196*g**2 + 19*g - 70. Is c(3) prime?
True
Let q(h) = 24*h**2 + 14*h + 53. Suppose -48 = 2*m - 5*m. Is q(m) composite?
False
Let g(y) = 15*y**3 + y**2 - 2. Let l be g(1). Suppose -3*f + 10 = h, -4*f - h - 1 = -l. Suppose -d - o + 129 + 617 = 0, 2*o = f*d - 2263. Is d a prime number?
True
Suppose -23*h - 607 = -2516. Suppose 61*d = h*d - 18502. Is d a prime number?
False
Suppose 5*o + 5*a = 459585, -2*o + 6*a + 183858 = 11*a. Is o prime?
True
Suppose 3*q - 4804 = -11*m + 9*m, m + q = 2403. Suppose 2*o + 4*y + 336 = 1966, 3*o - 4*y = m. Is o a prime number?
False
Suppose -23*k + 14*k = 5*t - 615476, 5*k + 5*t - 341920 = 0. Is k a prime number?
True
Suppose 0 = -18*u + 19*u - 26321. Let m = -16468 + u. Is m a composite number?
True
Suppose -726*j + 8869025 = -701*j. Is j prime?
False
Let n(y) = 89*y - 39. Let o be n(-10). Let j = -135 - o. Is 2 + j - -6 - (2 - -1) composite?
True
Let m(d) = -d**3 + 7*d**2 + 3*d + 19. Let q be m(7). Let b = q + -36. Suppose b*g - 124 = 616. Is g composite?
True
Suppose 8*z - 5*z + 14 = 5*o, -o - 4 = -4*z. Let a(m) = 483*m + 17. Is a(z) prime?
True
Suppose 3*o = -2*q - 794, 2*o - 7*o - 5*q - 1330 = 0. Let g = o - -407. Let a = 1326 - g. Is a a composite number?
False
Let u = 1524 - 4. Suppose -u = -11*h + 515. Is h composite?
True
Let s(t) = -5*t**3 + 3*t**2 + 5. Let w(n) = 9*n**3 - 5*n**2 + n - 9. Suppose -3 = -3*m - 12. Let h(x) = m*w(x) - 5*s(x). Is h(-3) prime?
False
Suppose -4*d = -4*m - 92, -4*d - 3*m + 5*m + 84 = 0. Suppose -63725 = -d*q + 19704. Is q a prime number?
True
Let u(i) = -i**2 + 8*i - 3. Let t be u(7). Suppose 5*q + t*s - 57193 = 0, 15*s - 18*s - 45742 = -4*q. Is q a prime number?
True
Is 2/((-2)/5) - (-48616 - 62) a composite number?
False
Let q(b) = -b**3 + 10*b**2 - 8*b - 7. Let c be q(9). Suppose 14816 = 4*w - w + c*p, 4932 = w + 2*p. Suppose 8*v = w + 3978. Is v a prime number?
False
Let p be (-6)/(-9) - (-16226)/6. Suppose 0 = 5*i - 3*o - 19, 2*i + 4 = 4*o + 6. Suppose -3*h = -h, i*v = -4*h + p. Is v a prime number?
True
Let p(q) = -4*q**2 + 7*q - 4. Let g be p(5). Let h = 69 + g. Is (-2 - h)*6248/(-16) composite?
True
Let z = 85 + -11. Let l = z - -195. Is l a prime number?
True
Let k be ((-2)/6)/((-2)/18). Suppose j + 2171 = k*u, 2*j - 5*j + 1462 = 2*u. Let p = u - 174. Is p prime?
False
Let j(p) = -11*p + 14. Suppose -f - 8 = -4*f + 5*h, 0 = -2*f - 5*h - 3. Let a be 1/(-2)*f*8. Is j(a) composite?
True
Let q = 1422 - 898. Let j = 33 + q. Is j prime?
True
Suppose -5*u - 12 + 17 = 0. Suppose 9 = 3*w + 2*n, -3*w - 4*n + 14 + u = 0. Is w/(-5) - 29516/(-5) composite?
False
Suppose 6*q = q - 15. Let v(y) = -705*y + 12. Let m(l) = 470*l - 9. Let j(d) = -8*m(d) - 5*v(d). Is j(q) composite?
True
Let p(q) be the second derivative of 3/2*q**2 - q + 0 + 1/6*q**3 - 1/6*q**4 + 37/20*q**5. Is p(2) composite?
False
Let s = 64 + -61. Suppose 2*a - s*u = 24068, 3*a + 11*u = 16*u + 36101. Is a a prime number?
True
Suppose 55*k - 87541 - 227114 = 401500. Is k a prime number?
False
Suppose -8*o = -10 - 14. Is o + -8 + (-3 - -2727) composite?
False
Suppose -41*g - 34*g + 2740396 = -71*g. Is g composite?
False
Suppose -v - f + 182369 = 0, 844*f - 842*f - 729492 = -4*v. Is v composite?
True
Suppose 8*n + 29 = -11. Let b(s) = 79*s**2 - 5*s + 3. Is b(n) composite?
False
Let m = -28491 + 139702. Is m a prime number?
True
Suppose 2*r - 34 = -2*r - 5*z, 4*z + 16 = 4*r. Suppose -9*h - r*h = -97035. Is h a prime number?
True
Suppose -18*q = -17*q - 4. Suppose q*z = 3*t - 26, -3*z + 14 = -3*t - 7*z. Suppose -t*y + 1722 = 376. Is y a prime number?
True
Let q = -43917 + 115270. Is q a prime number?
True
Suppose -5*h + 37 = 17. Let b(f) = 56*f - 10. Let l be b(h). Let d = l + 48. Is d a prime number?
False
Suppose 3*j = 12*j + 7578. Let v = j + 2013. Is v prime?
True
Suppose 4*m = -5*z + 3993193, -3993214 = -650*z + 645*z + 3*m. Is z prime?
True
Is (-80902)/(-6) + (40/6)/(-10) a composite number?
True
Suppose -5*b - 4*z = -3204, 5*z + 1651 = 4*b - 904. Suppose -b = d - 6*d. Suppose 2345 - d = 3*c. Is c prime?
True
Let r = -59671 + 183534. Is r composite?
False
Let n(a) = a**3 + 141*a**2 - 107*a - 313. Is n(-134) a prime number?
False
Suppose -a + 20 = -2*v - 0*v, 12 = -4*v - 5*a. Let j be (((-1377)/(-6))/(-9))/(6/v). Suppose 5*b = u + 48, 4*b - u - 2*u = j. Is b a composite number?
True
Suppose -8*j = -9*j - 184. Let h = j - -336. Suppose 5*z - 2063 = h. Is z prime?
True
Let i = -47 + 50. Suppose -2*z = 0, -3*g - i*z - 6 = -5*g. Suppose -3*u - 2*c + 2081 = 0, -c = g*u + 2*c - 2076. Is u a composite number?
True
Suppose 2079568 = 50*u - 34*u. Is u composite?
True
Let a be (288/9)/(-8) - -7. Suppose -81281 = -3*x - 5*f, -3*x + f = -a*f - 81245. Is x a composite number?
True
Suppose -4*g - y = -30, -2*g - 5*y + 15 + 9 = 0. Suppose -s = g*s - 24. Suppose 0 = s*t - 3882 - 549. Is t a prime number?
False
Is (7/28)/(3/(6*166178)) composite?
False
Let j be 5 + 3456 + 3 + (-3)/(-1). Suppose 4*d + 4*v - 3432 = 8*v, -4*d - 3*v = -j. Is d a composite number?
False
Suppose 4*h + 173 - 5209 = 0. Is h composite?
False
Let q(c) = -721*c + 793. Is q(-12) a composite number?
True
Suppose -36*m = -1232640 + 314604. Is m prime?
False
Suppose 15*j = 1234861 + 34147 + 174847. Is j a prime number?
False
Suppose 71 = 2*q - 57. Suppose -q = -4*j - 2*n, j + 5*n + 16 = 2*j. Suppose 1017 = -13*s + j*s. Is s a prime number?
False
Suppose -3*z - 2*a + 20 = -0*z, -3*a + 20 = 2*z. Suppose z*j - 1131 = -5*i, 2*i - 367 - 75 = j. Is i a prime number?
True
Is (1/(25/(-1055)))/((-8)/20360) a prime number?
False
Suppose 38*w + 96*w + 161854784 = 852371926. Is w a composite number?
True
Is 40/(6 - 1) - -6795 prime?
True
Suppose 3*k + 2*k = 4*r + 209, -5*r = 2*k + 253. Is 1228/(1 + -5)*(r + 4) a composite number?
True
Let j be (-48)/((-18)/3) - 2. Suppose -j*r + 14253 = -3*r. Is r a composite number?
False
Let p be 22/6 + ((-2)/(-6) - 0). Suppose -p*g + 1408 = 2*x, -2486 = -5*g + x - 726. Suppose -3*w + 95 = -g. Is w composite?
False
Suppose -34 = -2*c + 32. Let v = c - 33. Suppose v = g - 3301 + 80. Is g a composite number?
False
Suppose 8*g + 8*g = 65280. Let u(l) = l - 7. Let o be u(7). Suppose 2*n - 4*h - 4110 = o, g = n + n + 2*h. Is n a prime number?
False
Let m be 124200/21 + 2/(-7). Suppose 3*d - m = 1463. Is d composite?
False
Let b = -755756 - -1097599. Is b a prime number?
False
Let l = -3 + 10. Suppose -l*v + 394 = -5*v. Let k = 916 - v. Is 